{"id":164,"date":"2022-09-28T17:36:24","date_gmt":"2022-09-28T17:36:24","guid":{"rendered":"https:\/\/www.apscolombia.org?page_id=164"},"modified":"2023-04-18T20:44:39","modified_gmt":"2023-04-18T20:44:39","slug":"quienes-somos","status":"publish","type":"page","link":"https:\/\/devpaxzu.com\/sitios\/apscolombia\/corporacion-apscolombia\/quienes-somos\/","title":{"rendered":"\u00bfQui\u00e9nes S\u00f3mos?"},"content":{"rendered":"<div class=\"wp-block-image text-center d-none d-md-block\">\n<figure class=\"aligncenter size-full\"><img loading=\"lazy\" decoding=\"async\" width=\"1024\" height=\"384\" src=\"https:\/\/devpaxzu.com\/sitios\/apscolombia\/wp-content\/uploads\/2023\/03\/ObjetoyFinalidades_1024x384.png\" alt=\"\" class=\"wp-image-525\" srcset=\"https:\/\/devpaxzu.com\/sitios\/apscolombia\/wp-content\/uploads\/2023\/03\/ObjetoyFinalidades_1024x384.png 1024w, https:\/\/devpaxzu.com\/sitios\/apscolombia\/wp-content\/uploads\/2023\/03\/ObjetoyFinalidades_1024x384-300x113.png 300w, https:\/\/devpaxzu.com\/sitios\/apscolombia\/wp-content\/uploads\/2023\/03\/ObjetoyFinalidades_1024x384-768x288.png 768w\" sizes=\"auto, (max-width: 1024px) 100vw, 1024px\" \/><\/figure>\n<\/div>\n\n\n<figure class=\"wp-block-image size-large text-center d-block d-md-none\"><img loading=\"lazy\" decoding=\"async\" width=\"739\" height=\"1024\" src=\"https:\/\/devpaxzu.com\/sitios\/apscolombia\/wp-content\/uploads\/2023\/03\/ObjetoyFinalidades_768x1064-739x1024.png\" alt=\"\" class=\"wp-image-527\" srcset=\"https:\/\/devpaxzu.com\/sitios\/apscolombia\/wp-content\/uploads\/2023\/03\/ObjetoyFinalidades_768x1064-739x1024.png 739w, https:\/\/devpaxzu.com\/sitios\/apscolombia\/wp-content\/uploads\/2023\/03\/ObjetoyFinalidades_768x1064-217x300.png 217w, https:\/\/devpaxzu.com\/sitios\/apscolombia\/wp-content\/uploads\/2023\/03\/ObjetoyFinalidades_768x1064.png 768w\" sizes=\"auto, (max-width: 739px) 100vw, 739px\" \/><\/figure>\n\n\n\n<div class=\"wp-block-columns are-vertically-aligned-center text-center justify-content-center is-layout-flex wp-container-core-columns-is-layout-9d6595d7 wp-block-columns-is-layout-flex\">\n<div class=\"wp-block-column is-vertically-aligned-center is-layout-flow wp-block-column-is-layout-flow\"><div class=\"wp-block-image text-center\">\n<figure class=\"aligncenter size-full is-resized\"><img loading=\"lazy\" decoding=\"async\" src=\"https:\/\/devpaxzu.com\/sitios\/apscolombia\/wp-content\/uploads\/2023\/03\/Mujer1.png\" alt=\"\" class=\"wp-image-554\" width=\"172\" height=\"172\" srcset=\"https:\/\/devpaxzu.com\/sitios\/apscolombia\/wp-content\/uploads\/2023\/03\/Mujer1.png 262w, https:\/\/devpaxzu.com\/sitios\/apscolombia\/wp-content\/uploads\/2023\/03\/Mujer1-150x150.png 150w\" sizes=\"auto, (max-width: 172px) 100vw, 172px\" \/><\/figure>\n<\/div>\n\n\n<p class=\"has-text-align-center\">Ximena Mahecha Anzola<br><strong>Directora Ejecutiva<\/strong><\/p>\n<\/div>\n\n\n\n<div class=\"wp-block-column is-vertically-aligned-center is-layout-flow wp-block-column-is-layout-flow\"><div class=\"wp-block-image\">\n<figure class=\"aligncenter size-full is-resized\"><img loading=\"lazy\" decoding=\"async\" src=\"https:\/\/devpaxzu.com\/sitios\/apscolombia\/wp-content\/uploads\/2023\/03\/Joven.png\" alt=\"\" class=\"wp-image-556\" width=\"173\" height=\"173\" srcset=\"https:\/\/devpaxzu.com\/sitios\/apscolombia\/wp-content\/uploads\/2023\/03\/Joven.png 262w, https:\/\/devpaxzu.com\/sitios\/apscolombia\/wp-content\/uploads\/2023\/03\/Joven-150x150.png 150w\" sizes=\"auto, (max-width: 173px) 100vw, 173px\" \/><\/figure>\n<\/div>\n\n\n<p class=\"has-text-align-center\">Harold Trujillo <br><strong>Especialista Sostenibilidad<\/strong><\/p>\n<\/div>\n\n\n\n<div class=\"wp-block-column is-vertically-aligned-center is-layout-flow wp-block-column-is-layout-flow\"><div class=\"wp-block-image\">\n<figure class=\"aligncenter size-full is-resized\"><img loading=\"lazy\" decoding=\"async\" src=\"https:\/\/devpaxzu.com\/sitios\/apscolombia\/wp-content\/uploads\/2023\/03\/mujer.png\" alt=\"\" class=\"wp-image-555\" width=\"177\" height=\"177\" srcset=\"https:\/\/devpaxzu.com\/sitios\/apscolombia\/wp-content\/uploads\/2023\/03\/mujer.png 262w, https:\/\/devpaxzu.com\/sitios\/apscolombia\/wp-content\/uploads\/2023\/03\/mujer-150x150.png 150w\" sizes=\"auto, (max-width: 177px) 100vw, 177px\" \/><\/figure>\n<\/div>\n\n\n<p class=\"has-text-align-center\">Erika Urrego Ortiz\n<br><strong>L\u00edder Protocolo APSColombia<\/strong><\/p>\n<\/div>\n<\/div>\n\n\n\n<h3 class=\"wp-block-heading has-text-align-center\">Equipo APSColombia<\/h3>\n\n\n\n<p class=\"has-text-align-center\">Conozca los <a href=\"https:\/\/devpaxzu.com\/sitios\/apscolombia\/wp-content\/uploads\/2022\/09\/270522-Estatutos-Corporacion-APSColombia-aprobados.pdf\" target=\"_blank\" rel=\"noreferrer noopener\">Estatutos de la Corporaci\u00f3n APSCOLOMBIA.<\/a><\/p>\n\n\n\n<p>Conozca <a href=\"https:\/\/www.apscolombia.orgcorporacion-apscolombia\/gobernanza-y-participacion\/\">Gobernanza y participaci\u00f3n<\/a><\/p>\n","protected":false},"excerpt":{"rendered":"<p>Ximena Mahecha AnzolaDirectora Ejecutiva Harold Trujillo Especialista Sostenibilidad Erika Urrego Ortiz L\u00edder Protocolo APSColombia Equipo APSColombia Conozca los Estatutos de la Corporaci\u00f3n APSCOLOMBIA. Conozca Gobernanza y participaci\u00f3n<\/p>\n","protected":false},"author":1,"featured_media":0,"parent":109,"menu_order":0,"comment_status":"closed","ping_status":"closed","template":"page-templates\/page-contenido1.php","meta":{"footnotes":""},"class_list":["post-164","page","type-page","status-publish","hentry"],"_links":{"self":[{"href":"https:\/\/devpaxzu.com\/sitios\/apscolombia\/wp-json\/wp\/v2\/pages\/164","targetHints":{"allow":["GET"]}}],"collection":[{"href":"https:\/\/devpaxzu.com\/sitios\/apscolombia\/wp-json\/wp\/v2\/pages"}],"about":[{"href":"https:\/\/devpaxzu.com\/sitios\/apscolombia\/wp-json\/wp\/v2\/types\/page"}],"author":[{"embeddable":true,"href":"https:\/\/devpaxzu.com\/sitios\/apscolombia\/wp-json\/wp\/v2\/users\/1"}],"replies":[{"embeddable":true,"href":"https:\/\/devpaxzu.com\/sitios\/apscolombia\/wp-json\/wp\/v2\/comments?post=164"}],"version-history":[{"count":0,"href":"https:\/\/devpaxzu.com\/sitios\/apscolombia\/wp-json\/wp\/v2\/pages\/164\/revisions"}],"up":[{"embeddable":true,"href":"https:\/\/devpaxzu.com\/sitios\/apscolombia\/wp-json\/wp\/v2\/pages\/109"}],"wp:attachment":[{"href":"https:\/\/devpaxzu.com\/sitios\/apscolombia\/wp-json\/wp\/v2\/media?parent=164"}],"curies":[{"name":"wp","href":"https:\/\/api.w.org\/{rel}","templated":true}]}}